0.
2, 5
List the prime factors of 65310.
2, 3, 5, 7, 311
List the prime factors of 17327.
17327
What are the prime factors of 52479?
3, 7, 17
What are the prime factors of 17502?
2, 3, 2917
List the prime factors of 1619.
1619
List the prime factors of 931.
7, 19
List the prime factors of 33692.
2, 8423
List the prime factors of 40800.
2, 3, 5, 17
List the prime factors of 30182.
2, 15091
List the prime factors of 2360.
2, 5, 59
What are the prime factors of 2414?
2, 17, 71
List the prime factors of 23317.
7, 3331
What are the prime factors of 459?
3, 17
List the prime factors of 4402.
2, 31, 71
What are the prime factors of 26914?
2, 13457
List the prime factors of 89176.
2, 71, 157
What are the prime factors of 12817?
7, 1831
List the prime factors of 47196.
2, 3, 19, 23
List the prime factors of 3103.
29, 107
What are the prime factors of 30598?
2, 15299
What are the prime factors of 1555?
5, 311
What are the prime factors of 42073?
42073
What are the prime factors of 58953?
3, 43, 457
What are the prime factors of 27080?
2, 5, 677
List the prime factors of 72401.
7, 10343
What are the prime factors of 1254?
2, 3, 11, 19
What are the prime factors of 16019?
83, 193
List the prime factors of 39468.
2, 3, 11, 13, 23
List the prime factors of 20961.
3, 17, 137
What are the prime factors of 1137?
3, 379
What are the prime factors of 88320?
2, 3, 5, 23
What are the prime factors of 16195?
5, 41, 79
List the prime factors of 8896.
2, 139
What are the prime factors of 1978?
2, 23, 43
What are the prime factors of 741?
3, 13, 19
List the prime factors of 148121.
17, 8713
List the prime factors of 4.
2
What are the prime factors of 8390?
2, 5, 839
List the prime factors of 2936.
2, 367
What are the prime factors of 126416?
2, 7901
What are the prime factors of 60896?
2, 11, 173
What are the prime factors of 82131?
3, 7, 3911
What are the prime factors of 41250?
2, 3, 5, 11
What are the prime factors of 15271?
15271
List the prime factors of 159686.
2, 79843
List the prime factors of 1050.
2, 3, 5, 7
What are the prime factors of 19466?
2, 9733
List the prime factors of 8503.
11, 773
What are the prime factors of 5854?
2, 2927
List the prime factors of 6822.
2, 3, 379
List the prime factors of 2607.
3, 11, 79
List the prime factors of 55854.
2, 3, 29, 107
What are the prime factors of 5524?
2, 1381
List the prime factors of 331.
331
What are the prime factors of 4448?
2, 139
What are the prime factors of 1534?
2, 13, 59
List the prime factors of 715.
5, 11, 13
List the prime factors of 2425.
5, 97
List the prime factors of 21.
3, 7
List the prime factors of 26941.
29, 929
List the prime factors of 11694.
2, 3, 1949
What are the prime factors of 2232?
2, 3, 31
List the prime factors of 2913.
3, 971
What are the prime factors of 4998?
2, 3, 7, 17
What are the prime factors of 76561?
76561
List the prime factors of 2203.
2203
List the prime factors of 178.
2, 89
What are the prime factors of 1574?
2, 787
List the prime factors of 9260.
2, 5, 463
What are the prime factors of 235?
5, 47
List the prime factors of 1148.
2, 7, 41
What are the prime factors of 63557?
13, 4889
What are the prime factors of 3226?
2, 1613
What are the prime factors of 156866?
2, 41, 1913
List the prime factors of 15915.
3, 5, 1061
List the prime factors of 1644.
2, 3, 137
List the prime factors of 15107.
15107
List the prime factors of 53499.
3, 17, 1049
What are the prime factors of 17003?
7, 347
What are the prime factors of 1006?
2, 503
List the prime factors of 4068.
2, 3, 113
List the prime factors of 563.
563
List the prime factors of 397.
397
List the prime factors of 11322.
2, 3, 17, 37
List the prime factors of 604.
2, 151
List the prime factors of 12667.
53, 239
What are the prime factors of 574?
2, 7, 41
List the prime factors of 69953.
13, 5381
List the prime factors of 111555.
3, 5, 37, 67
What are the prime factors of 1154?
2, 577
List the prime factors of 4018.
2, 7, 41
List the prime factors of 9692.
2, 2423
List the prime factors of 2128.
2, 7, 19
What are the prime factors of 2644?
2, 661
List the prime factors of 326.
2, 163
What are the prime factors of 90220?
2, 5, 13, 347
List the prime factors of 1530.
2, 3, 5, 17
What are the prime factors of 1379?
7, 197
List the prime factors of 48.
2, 3
List the prime factors of 4590.
2, 3, 5, 17
List the prime factors of 1035.
3, 5, 23
List the prime factors of 42382.
2, 21191
List the prime factors of 11633.
11633
What are the prime factors of 29299?
83, 353
List the prime factors of 72875.
5, 11, 53
List the prime factors of 68283.
3, 281
List the prime factors of 47655.
3, 5, 353
List the prime factors of 2918.
2, 1459
What are the prime factors of 1594?
2, 797
What are the prime factors of 98565?
3, 5, 6571
List the prime factors of 25070.
2, 5, 23, 109
List the prime factors of 8301.
3, 2767
List the prime factors of 431.
431
List the prime factors of 2339.
2339
What are the prime factors of 19327?
7, 11, 251
What are the prime factors of 1797?
3, 599
What are the prime factors of 7528?
2, 941
What are the prime factors of 4940?
2, 5, 13, 19
What are the prime factors of 8913?
3, 2971
List the prime factors of 22399.
13, 1723
List the prime factors of 127733.
127733
List the prime factors of 6559.
7, 937
List the prime factors of 6130.
2, 5, 613
List the prime factors of 83717.
83717
List the prime factors of 75235.
5, 41, 367
What are the prime factors of 1211?
7, 173
What are the prime factors of 1582?
2, 7, 113
What are the prime factors of 17636?
2, 4409
List the prime factors of 43688.
2, 43, 127
List the prime factors of 63721.
7, 9103
List the prime factors of 1219.
23, 53
What are the prime factors of 842?
2, 421
List the prime factors of 43078.
2, 7, 17, 181
List the prime factors of 1300.
2, 5, 13
What are the prime factors of 59934?
2, 3, 7, 1427
What are the prime factors of 44015?
5, 8803
List the prime factors of 5317.
13, 409
List the prime factors of 4375.
5, 7
What are the prime factors of 23068?
2, 73, 79
What are the prime factors of 2699?
2699
What are the prime factors of 109609?
109609
What are the prime factors of 1379?
7, 197
List the prime factors of 114471.
3, 7, 23, 79
What are the prime factors of 18879?
3, 7, 29, 31
List the prime factors of 11291.
7, 1613
List the prime factors of 14609.
7, 2087
What are the prime factors of 2599?
23, 113
List the prime factors of 5060.
2, 5, 11, 23
What are the prime factors of 33234?
2, 3, 29, 191
List the prime factors of 6845.
5, 37
What are the prime factors of 606?
2, 3, 101
What are the prime factors of 1018?
2, 509
What are the prime factors of 3389?
3389
List the prime factors of 4027.
4027
List the prime factors of 10045.
5, 7, 41
What are the prime factors of 25307?
25307
What are the prime factors of 132413?
17, 7789
List the prime factors of 751.
751
What are the prime factors of 22850?
2, 5, 457
What are the prime factors of 5043?
3, 41
What are the prime factors of 8313?
3, 17, 163
What are the prime factors of 2065?
5, 7, 59
What are the prime factors of 10015?
5, 2003
What are the prime factors of 4015?
5, 11, 73
List the prime factors of 5478.
2, 3, 11, 83
What are the prime factors of 457?
457
List the prime factors of 1022.
2, 7, 73
List the prime factors of 2952.
2, 3, 41
List the prime factors of 6713.
7, 137
List the prime factors of 41651.
41651
What are the prime factors of 39761?
39761
What are the prime factors of 14805?
3, 5, 7, 47
What are the prime factors of 7029?
3, 11, 71
List the prime factors of 3551.
53, 67
What are the prime factors of 19759?
19759
What are the prime factors of 980?
2, 5, 7
What are the prime factors of 14644?
2, 7, 523
List the prime factors of 1238.
2, 619
What are the prime factors of 1724?
2, 431
List the prime factors of 678.
2, 3, 113
List the prime factors of 4817.
4817
List the prime factors of 59055.
3, 5, 31, 127
List the prime factors of 5702.
2, 2851
List the prime factors of 2595.
3, 5, 173
What are the prime factors of 54711?
3, 6079
What are the prime factors of 16660?
2, 5, 7, 17
What are the prime factors of 72279?
3, 2677
What are the prime factors of 3514?
2, 7, 251
What are the prime factors of 7474?
2, 37, 101
List the prime factors of 3976.
2, 7, 71
List the prime facto